{"id":219,"date":"2017-10-29T17:21:37","date_gmt":"2017-10-29T17:21:37","guid":{"rendered":"http:\/\/spaetig.de\/?page_id=219"},"modified":"2017-10-30T09:18:37","modified_gmt":"2017-10-30T09:18:37","slug":"moebelobjekte","status":"publish","type":"page","link":"https:\/\/spaetig.de\/?page_id=219","title":{"rendered":"M\u00f6belobjekte"},"content":{"rendered":"<p>Erinnerungsst\u00fccke werden zu k\u00fcnstlerischen M\u00f6belobjekten.<\/p>\n<p><img loading=\"lazy\" decoding=\"async\" class=\"alignnone size-medium wp-image-293\" src=\"http:\/\/spaetig.de\/wp-content\/uploads\/2017\/10\/IMG_6261-300x270.jpg\" alt=\"\" width=\"300\" height=\"270\" srcset=\"https:\/\/spaetig.de\/wp-content\/uploads\/2017\/10\/IMG_6261-300x270.jpg 300w, https:\/\/spaetig.de\/wp-content\/uploads\/2017\/10\/IMG_6261-768x690.jpg 768w, https:\/\/spaetig.de\/wp-content\/uploads\/2017\/10\/IMG_6261-1024x920.jpg 1024w\" sizes=\"auto, (max-width: 300px) 100vw, 300px\" \/><img loading=\"lazy\" decoding=\"async\" class=\"alignnone size-medium wp-image-404\" src=\"http:\/\/spaetig.de\/wp-content\/uploads\/2017\/10\/Spaetig_Komode19-260x300.jpg\" alt=\"\" width=\"260\" height=\"300\" srcset=\"https:\/\/spaetig.de\/wp-content\/uploads\/2017\/10\/Spaetig_Komode19-260x300.jpg 260w, https:\/\/spaetig.de\/wp-content\/uploads\/2017\/10\/Spaetig_Komode19-768x887.jpg 768w, https:\/\/spaetig.de\/wp-content\/uploads\/2017\/10\/Spaetig_Komode19-886x1024.jpg 886w, https:\/\/spaetig.de\/wp-content\/uploads\/2017\/10\/Spaetig_Komode19.jpg 1385w\" sizes=\"auto, (max-width: 260px) 100vw, 260px\" \/><img loading=\"lazy\" decoding=\"async\" class=\"alignnone size-medium wp-image-295\" src=\"http:\/\/spaetig.de\/wp-content\/uploads\/2017\/10\/Spaetig_edition_Kommode_1-1-225x300.jpg\" alt=\"\" width=\"225\" height=\"300\" srcset=\"https:\/\/spaetig.de\/wp-content\/uploads\/2017\/10\/Spaetig_edition_Kommode_1-1-225x300.jpg 225w, https:\/\/spaetig.de\/wp-content\/uploads\/2017\/10\/Spaetig_edition_Kommode_1-1-768x1024.jpg 768w, https:\/\/spaetig.de\/wp-content\/uploads\/2017\/10\/Spaetig_edition_Kommode_1-1.jpg 1200w\" sizes=\"auto, (max-width: 225px) 100vw, 225px\" \/><img loading=\"lazy\" decoding=\"async\" class=\"alignnone size-medium wp-image-291\" src=\"http:\/\/spaetig.de\/wp-content\/uploads\/2017\/10\/Spaetig_Kommode-300x289.jpg\" alt=\"\" width=\"300\" height=\"289\" srcset=\"https:\/\/spaetig.de\/wp-content\/uploads\/2017\/10\/Spaetig_Kommode-300x289.jpg 300w, https:\/\/spaetig.de\/wp-content\/uploads\/2017\/10\/Spaetig_Kommode-768x739.jpg 768w, https:\/\/spaetig.de\/wp-content\/uploads\/2017\/10\/Spaetig_Kommode-1024x986.jpg 1024w, https:\/\/spaetig.de\/wp-content\/uploads\/2017\/10\/Spaetig_Kommode.jpg 1600w\" sizes=\"auto, (max-width: 300px) 100vw, 300px\" \/>\u00a0<img loading=\"lazy\" decoding=\"async\" class=\"alignnone size-medium wp-image-294\" src=\"http:\/\/spaetig.de\/wp-content\/uploads\/2017\/10\/Spaetig_Edition1-197x300.jpg\" alt=\"\" width=\"197\" height=\"300\" srcset=\"https:\/\/spaetig.de\/wp-content\/uploads\/2017\/10\/Spaetig_Edition1-197x300.jpg 197w, https:\/\/spaetig.de\/wp-content\/uploads\/2017\/10\/Spaetig_Edition1-768x1167.jpg 768w, https:\/\/spaetig.de\/wp-content\/uploads\/2017\/10\/Spaetig_Edition1-674x1024.jpg 674w, https:\/\/spaetig.de\/wp-content\/uploads\/2017\/10\/Spaetig_Edition1.jpg 1053w\" sizes=\"auto, (max-width: 197px) 100vw, 197px\" \/><\/p>\n","protected":false},"excerpt":{"rendered":"<p>Erinnerungsst\u00fccke werden zu k\u00fcnstlerischen M\u00f6belobjekten. \u00a0<\/p>\n","protected":false},"author":1,"featured_media":290,"parent":0,"menu_order":0,"comment_status":"closed","ping_status":"closed","template":"","meta":{"footnotes":""},"class_list":["post-219","page","type-page","status-publish","has-post-thumbnail","hentry"],"_links":{"self":[{"href":"https:\/\/spaetig.de\/index.php?rest_route=\/wp\/v2\/pages\/219","targetHints":{"allow":["GET"]}}],"collection":[{"href":"https:\/\/spaetig.de\/index.php?rest_route=\/wp\/v2\/pages"}],"about":[{"href":"https:\/\/spaetig.de\/index.php?rest_route=\/wp\/v2\/types\/page"}],"author":[{"embeddable":true,"href":"https:\/\/spaetig.de\/index.php?rest_route=\/wp\/v2\/users\/1"}],"replies":[{"embeddable":true,"href":"https:\/\/spaetig.de\/index.php?rest_route=%2Fwp%2Fv2%2Fcomments&post=219"}],"version-history":[{"count":10,"href":"https:\/\/spaetig.de\/index.php?rest_route=\/wp\/v2\/pages\/219\/revisions"}],"predecessor-version":[{"id":405,"href":"https:\/\/spaetig.de\/index.php?rest_route=\/wp\/v2\/pages\/219\/revisions\/405"}],"wp:featuredmedia":[{"embeddable":true,"href":"https:\/\/spaetig.de\/index.php?rest_route=\/wp\/v2\/media\/290"}],"wp:attachment":[{"href":"https:\/\/spaetig.de\/index.php?rest_route=%2Fwp%2Fv2%2Fmedia&parent=219"}],"curies":[{"name":"wp","href":"https:\/\/api.w.org\/{rel}","templated":true}]}}

Möbelobjekte

<p>Erinnerungsstücke werden zu künstlerischen Möbelobjekten.</p>
<p><img loading="lazy" decoding="async" class="alignnone size-medium wp-image-293" src="http://spaetig.de/wp-content/uploads/2017/10/IMG_6261-300x270.jpg" alt="" width="300" height="270" srcset="https://spaetig.de/wp-content/uploads/2017/10/IMG_6261-300x270.jpg 300w, https://spaetig.de/wp-content/uploads/2017/10/IMG_6261-768x690.jpg 768w, https://spaetig.de/wp-content/uploads/2017/10/IMG_6261-1024x920.jpg 1024w" sizes="auto, (max-width: 300px) 100vw, 300px" /><img loading="lazy" decoding="async" class="alignnone size-medium wp-image-404" src="http://spaetig.de/wp-content/uploads/2017/10/Spaetig_Komode19-260x300.jpg" alt="" width="260" height="300" srcset="https://spaetig.de/wp-content/uploads/2017/10/Spaetig_Komode19-260x300.jpg 260w, https://spaetig.de/wp-content/uploads/2017/10/Spaetig_Komode19-768x887.jpg 768w, https://spaetig.de/wp-content/uploads/2017/10/Spaetig_Komode19-886x1024.jpg 886w, https://spaetig.de/wp-content/uploads/2017/10/Spaetig_Komode19.jpg 1385w" sizes="auto, (max-width: 260px) 100vw, 260px" /><img loading="lazy" decoding="async" class="alignnone size-medium wp-image-295" src="http://spaetig.de/wp-content/uploads/2017/10/Spaetig_edition_Kommode_1-1-225x300.jpg" alt="" width="225" height="300" srcset="https://spaetig.de/wp-content/uploads/2017/10/Spaetig_edition_Kommode_1-1-225x300.jpg 225w, https://spaetig.de/wp-content/uploads/2017/10/Spaetig_edition_Kommode_1-1-768x1024.jpg 768w, https://spaetig.de/wp-content/uploads/2017/10/Spaetig_edition_Kommode_1-1.jpg 1200w" sizes="auto, (max-width: 225px) 100vw, 225px" /><img loading="lazy" decoding="async" class="alignnone size-medium wp-image-291" src="http://spaetig.de/wp-content/uploads/2017/10/Spaetig_Kommode-300x289.jpg" alt="" width="300" height="289" srcset="https://spaetig.de/wp-content/uploads/2017/10/Spaetig_Kommode-300x289.jpg 300w, https://spaetig.de/wp-content/uploads/2017/10/Spaetig_Kommode-768x739.jpg 768w, https://spaetig.de/wp-content/uploads/2017/10/Spaetig_Kommode-1024x986.jpg 1024w, https://spaetig.de/wp-content/uploads/2017/10/Spaetig_Kommode.jpg 1600w" sizes="auto, (max-width: 300px) 100vw, 300px" /> <img loading="lazy" decoding="async" class="alignnone size-medium wp-image-294" src="http://spaetig.de/wp-content/uploads/2017/10/Spaetig_Edition1-197x300.jpg" alt="" width="197" height="300" srcset="https://spaetig.de/wp-content/uploads/2017/10/Spaetig_Edition1-197x300.jpg 197w, https://spaetig.de/wp-content/uploads/2017/10/Spaetig_Edition1-768x1167.jpg 768w, https://spaetig.de/wp-content/uploads/2017/10/Spaetig_Edition1-674x1024.jpg 674w, https://spaetig.de/wp-content/uploads/2017/10/Spaetig_Edition1.jpg 1053w" sizes="auto, (max-width: 197px) 100vw, 197px" /></p>

<p>Erinnerungsstücke werden zu künstlerischen Möbelobjekten.  </p>
